[INFO] cloning repository https://github.com/joekim/raytracer
[INFO] running `Command { std: "git" "-c" "credential.helper=" "-c" "credential.helper=/workspace/cargo-home/bin/git-credential-null" "clone" "--bare" "https://github.com/joekim/raytracer" "/workspace/cache/git-repos/https%3A%2F%2Fgithub.com%2Fjoekim%2Fraytracer", kill_on_drop: false }`
[INFO] [stderr] Cloning into bare repository '/workspace/cache/git-repos/https%3A%2F%2Fgithub.com%2Fjoekim%2Fraytracer'...
[INFO] running `Command { std: "git" "rev-parse" "HEAD", kill_on_drop: false }`
[INFO] [stdout] e9432391cb5d97582358ee6cbb9af1da3e74449e
[INFO] checking joekim/raytracer against try#72f88fc4e9458f89516a0b8b0868f3718aec5b47 for pr-74989
[INFO] running `Command { std: "git" "clone" "/workspace/cache/git-repos/https%3A%2F%2Fgithub.com%2Fjoekim%2Fraytracer" "/workspace/builds/worker-5/source", kill_on_drop: false }`
[INFO] [stderr] Cloning into '/workspace/builds/worker-5/source'...
[INFO] [stderr] done.
[INFO] validating manifest of git repo https://github.com/joekim/raytracer on toolchain 72f88fc4e9458f89516a0b8b0868f3718aec5b47
[INFO] running `Command { std: "/workspace/cargo-home/bin/cargo" "+72f88fc4e9458f89516a0b8b0868f3718aec5b47" "read-manifest" "--manifest-path" "Cargo.toml", kill_on_drop: false }`
[INFO] started tweaking git repo https://github.com/joekim/raytracer
[INFO] finished tweaking git repo https://github.com/joekim/raytracer
[INFO] tweaked toml for git repo https://github.com/joekim/raytracer written to /workspace/builds/worker-5/source/Cargo.toml
[INFO] crate git repo https://github.com/joekim/raytracer already has a lockfile, it will not be regenerated
[INFO] running `Command { std: "/workspace/cargo-home/bin/cargo" "+72f88fc4e9458f89516a0b8b0868f3718aec5b47" "fetch" "--locked" "--manifest-path" "Cargo.toml", kill_on_drop: false }`
[INFO] [stderr]  Downloading crates ...
[INFO] [stderr]   Downloaded num-integer v0.1.33
[INFO] [stderr]   Downloaded image v0.12.3
[INFO] [stderr]   Downloaded gif v0.9.1
[INFO] [stderr]   Downloaded deque v0.3.1
[INFO] [stderr]   Downloaded num-rational v0.1.36
[INFO] [stderr]   Downloaded deflate v0.7.5
[INFO] [stderr]   Downloaded rayon v0.6.0
[INFO] [stderr]   Downloaded jpeg-decoder v0.1.11
[INFO] [stderr]   Downloaded syn v0.11.10
[INFO] [stderr]   Downloaded png v0.6.2
[INFO] running `Command { std: "docker" "create" "-v" "/var/lib/crater-agent-workspace/builds/worker-5/target:/opt/rustwide/target:rw,Z" "-v" "/var/lib/crater-agent-workspace/builds/worker-5/source:/opt/rustwide/workdir:ro,Z" "-v" "/var/lib/crater-agent-workspace/cargo-home:/opt/rustwide/cargo-home:ro,Z" "-v" "/var/lib/crater-agent-workspace/rustup-home:/opt/rustwide/rustup-home:ro,Z" "-e" "SOURCE_DIR=/opt/rustwide/workdir" "-e" "CARGO_TARGET_DIR=/opt/rustwide/target" "-e" "CARGO_HOME=/opt/rustwide/cargo-home" "-e" "RUSTUP_HOME=/opt/rustwide/rustup-home" "-w" "/opt/rustwide/workdir" "-m" "1610612736" "--user" "0:0" "--network" "none" "rustops/crates-build-env@sha256:d92eaeed33fa75130ca1ee6c8a01d1ffb62bac859dfdfb3450e3e5d1c0146529" "/opt/rustwide/cargo-home/bin/cargo" "+72f88fc4e9458f89516a0b8b0868f3718aec5b47" "metadata" "--no-deps" "--format-version=1", kill_on_drop: false }`
[INFO] [stderr] WARNING: Your kernel does not support swap limit capabilities or the cgroup is not mounted. Memory limited without swap.
[INFO] [stdout] bcf3e9710958249a7588858a4290d0db2386606c91bbfa062cf598dfdbf014a2
[INFO] running `Command { std: "docker" "start" "-a" "bcf3e9710958249a7588858a4290d0db2386606c91bbfa062cf598dfdbf014a2", kill_on_drop: false }`
[INFO] running `Command { std: "docker" "inspect" "bcf3e9710958249a7588858a4290d0db2386606c91bbfa062cf598dfdbf014a2", kill_on_drop: false }`
[INFO] running `Command { std: "docker" "rm" "-f" "bcf3e9710958249a7588858a4290d0db2386606c91bbfa062cf598dfdbf014a2", kill_on_drop: false }`
[INFO] [stdout] bcf3e9710958249a7588858a4290d0db2386606c91bbfa062cf598dfdbf014a2
[INFO] running `Command { std: "docker" "create" "-v" "/var/lib/crater-agent-workspace/builds/worker-5/target:/opt/rustwide/target:rw,Z" "-v" "/var/lib/crater-agent-workspace/builds/worker-5/source:/opt/rustwide/workdir:ro,Z" "-v" "/var/lib/crater-agent-workspace/cargo-home:/opt/rustwide/cargo-home:ro,Z" "-v" "/var/lib/crater-agent-workspace/rustup-home:/opt/rustwide/rustup-home:ro,Z" "-e" "SOURCE_DIR=/opt/rustwide/workdir" "-e" "CARGO_TARGET_DIR=/opt/rustwide/target" "-e" "CARGO_INCREMENTAL=0" "-e" "RUST_BACKTRACE=full" "-e" "RUSTFLAGS=--cap-lints=forbid" "-e" "CARGO_HOME=/opt/rustwide/cargo-home" "-e" "RUSTUP_HOME=/opt/rustwide/rustup-home" "-w" "/opt/rustwide/workdir" "-m" "1610612736" "--user" "0:0" "--network" "none" "rustops/crates-build-env@sha256:d92eaeed33fa75130ca1ee6c8a01d1ffb62bac859dfdfb3450e3e5d1c0146529" "/opt/rustwide/cargo-home/bin/cargo" "+72f88fc4e9458f89516a0b8b0868f3718aec5b47" "check" "--frozen" "--all" "--all-targets" "--message-format=json", kill_on_drop: false }`
[INFO] [stderr] WARNING: Your kernel does not support swap limit capabilities or the cgroup is not mounted. Memory limited without swap.
[INFO] [stdout] 202f411523004c3dc4e3a6cf0a2e847ef8b9f630123f18b146d1213d316cbf29
[INFO] running `Command { std: "docker" "start" "-a" "202f411523004c3dc4e3a6cf0a2e847ef8b9f630123f18b146d1213d316cbf29", kill_on_drop: false }`
[INFO] [stderr]     Checking libc v0.2.21
[INFO] [stderr]     Checking bitflags v0.7.0
[INFO] [stderr]     Checking glob v0.2.11
[INFO] [stderr]     Checking serde v0.9.12
[INFO] [stderr]     Checking num-integer v0.1.33
[INFO] [stderr]     Checking deflate v0.7.5
[INFO] [stderr]     Checking gif v0.9.1
[INFO] [stderr]    Compiling syn v0.11.10
[INFO] [stderr]     Checking num-iter v0.1.33
[INFO] [stderr]     Checking num-rational v0.1.36
[INFO] [stderr]     Checking rand v0.3.15
[INFO] [stderr]     Checking num_cpus v1.3.0
[INFO] [stderr]     Checking png v0.6.2
[INFO] [stderr]    Compiling serde_codegen_internals v0.14.2
[INFO] [stderr]     Checking deque v0.3.1
[INFO] [stderr]     Checking rayon v0.6.0
[INFO] [stderr]    Compiling serde_derive v0.9.12
[INFO] [stderr]     Checking jpeg-decoder v0.1.11
[INFO] [stderr]     Checking image v0.12.3
[INFO] [stderr]     Checking raytracer v0.1.0 (/opt/rustwide/workdir)
[INFO] [stdout] error[E0422]: cannot find struct, variant or union type `Sphere` in this scope
[INFO] [stdout]   --> src/lib.rs:61:13
[INFO] [stdout]    |
[INFO] [stdout] 61 |     sphere: Sphere {
[INFO] [stdout]    |             ^^^^^^ not found in this scope
[INFO] [stdout]    |
[INFO] [stdout] help: consider importing this struct
[INFO] [stdout]    |
[INFO] [stdout] 11 | use scene::Sphere;
[INFO] [stdout]    |
[INFO] [stdout] 
[INFO] [stdout] 
[INFO] [stdout] error[E0422]: cannot find struct, variant or union type `Point` in this scope
[INFO] [stdout]   --> src/lib.rs:62:15
[INFO] [stdout]    |
[INFO] [stdout] 62 |       center: Point {
[INFO] [stdout]    |               ^^^^^ not found in this scope
[INFO] [stdout]    |
[INFO] [stdout] help: consider importing this struct
[INFO] [stdout]    |
[INFO] [stdout] 11 | use point::Point;
[INFO] [stdout]    |
[INFO] [stdout] 
[INFO] [stdout] 
[INFO] [stdout] error[E0422]: cannot find struct, variant or union type `Color` in this scope
[INFO] [stdout]   --> src/lib.rs:68:14
[INFO] [stdout]    |
[INFO] [stdout] 68 |       color: Color {
[INFO] [stdout]    |              ^^^^^ not found in this scope
[INFO] [stdout]    |
[INFO] [stdout] help: consider importing one of these items
[INFO] [stdout]    |
[INFO] [stdout] 11 | use scene::Color;
[INFO] [stdout]    |
[INFO] [stdout] 11 | use scene::Coloration::Color;
[INFO] [stdout]    |
[INFO] [stdout] 
[INFO] [stdout] 
[INFO] [stdout] warning: unnecessary parentheses around block return value
[INFO] [stdout]   --> src/vector.rs:25:5
[INFO] [stdout]    |
[INFO] [stdout] 25 |     (self.x * self.x + self.y * self.y + self.z * self.z)
[INFO] [stdout]    |     ^^^^^^^^^^^^^^^^^^^^^^^^^^^^^^^^^^^^^^^^^^^^^^^^^^^^^ help: remove these parentheses
[INFO] [stdout]    |
[INFO] [stdout]    = note: `#[warn(unused_parens)]` on by default
[INFO] [stdout] 
[INFO] [stdout] 
[INFO] [stdout] warning: unnecessary parentheses around block return value
[INFO] [stdout]   --> src/vector.rs:25:5
[INFO] [stdout]    |
[INFO] [stdout] 25 |     (self.x * self.x + self.y * self.y + self.z * self.z)
[INFO] [stdout]    |     ^^^^^^^^^^^^^^^^^^^^^^^^^^^^^^^^^^^^^^^^^^^^^^^^^^^^^ help: remove these parentheses
[INFO] [stdout]    |
[INFO] [stdout]    = note: `#[warn(unused_parens)]` on by default
[INFO] [stdout] 
[INFO] [stdout] 
[INFO] [stdout] error[E0560]: struct `Scene` has no field named `sphere`
[INFO] [stdout]   --> src/lib.rs:61:5
[INFO] [stdout]    |
[INFO] [stdout] 61 |     sphere: Sphere {
[INFO] [stdout]    |     ^^^^^^ `Scene` does not have this field
[INFO] [stdout]    |
[INFO] [stdout]    = note: available fields are: `width`, `height`, `fov`, `max_recursion_depth`, `shadow_bias` ... and 2 others
[INFO] [stdout] 
[INFO] [stdout] 
[INFO] [stdout] error: aborting due to 4 previous errors; 1 warning emitted
[INFO] [stdout] 
[INFO] [stdout] 
[INFO] [stdout] Some errors have detailed explanations: E0422, E0560.
[INFO] [stdout] 
[INFO] [stdout] For more information about an error, try `rustc --explain E0422`.
[INFO] [stdout] 
[INFO] [stderr] error: could not compile `raytracer`.
[INFO] [stderr] 
[INFO] [stderr] To learn more, run the command again with --verbose.
[INFO] [stderr] warning: build failed, waiting for other jobs to finish...
[INFO] [stdout] warning: 1 warning emitted
[INFO] [stdout] 
[INFO] [stdout] 
[INFO] [stderr] error: build failed
[INFO] running `Command { std: "docker" "inspect" "202f411523004c3dc4e3a6cf0a2e847ef8b9f630123f18b146d1213d316cbf29", kill_on_drop: false }`
[INFO] running `Command { std: "docker" "rm" "-f" "202f411523004c3dc4e3a6cf0a2e847ef8b9f630123f18b146d1213d316cbf29", kill_on_drop: false }`
[INFO] [stdout] 202f411523004c3dc4e3a6cf0a2e847ef8b9f630123f18b146d1213d316cbf29
